
3
Suppose 2*v + 132 = 8*v. What is the remainder when v is divided by 8?
6
Let v be (0 - (-2 - -2))/(-2). Suppose -f + 2*f - 1 = v. Suppose 0 = 3*g - 98 - f. What is the remainder when g is divided by 17?
16
Suppose 8*z - 456 - 88 = 0. What is the remainder when z is divided by 14?
12
Let l(k) = 13*k - 2. Suppose 2*o + 75 = s, s - 4*s = -o - 210. Calculate the remainder when s is divided by l(2).
21
Let s(z) = z**2 + 11*z + 8. Let v = 5 + -12. Let d be s(v). Let r = -10 - d. Calculate the remainder when 29 is divided by r.
9
Let u(f) be the second derivative of f**5/20 + f**4/3 - f**3/3 - 3*f**2 + f. Suppose -v + 4 - 1 = 0. What is the remainder when v is divided by u(-4)?
1
Let a(n) = n**2 + 5*n + 2. Let t be a(-2). Let o = t + -29. Let m = -14 - o. What is the remainder when m is divided by 7?
5
Let q(s) = -s**2 - 17*s - 33. Calculate the remainder when 93 is divided by q(-4).
17
Let g = 7 + 2. Suppose 2*y - 2*v = 48, 0*v + v + 68 = 3*y. Calculate the remainder when -3*(-2 - y/6) is divided by g.
8
Let z be 2/(-9) + (-195)/(-27). Let g = z + 3. Calculate the remainder when 18 is divided by g.
8
Let a = 8 + -6. Suppose -a*u = -u - 19. What is the remainder when u is divided by 2/(-4) - 45/(-6)?
5
Let a be 2 - (3 - 4) - -27. Suppose 5*k - 100 = a. Calculate the remainder when 49 is divided by k.
23
Suppose 372 = 7*i - 3*i. Calculate the remainder when i is divided by 24.
21
Suppose -4*b = 3*k + b - 16, -k - 5*b = -2. What is the remainder when k is divided by (-30)/(-7) - 8/28?
3
Calculate the remainder when 220/30*9/2 is divided by 7.
5
Let k = 27 - 14. What is the remainder when k is divided by 5?
3
Let m(g) = g**2 + 6*g. Suppose -14 = 3*n + 7. Let k(h) = h**3 + 6*h**2 - 9*h + 6. Calculate the remainder when k(-7) is divided by m(n).
6
Calculate the remainder when (-286)/(-4) + ((-7)/(-2))/(-7) is divided by 8.
7
Let u = 17 + -16. Suppose 3*t = 7*t - 8. Suppose 4*n - 2*n = t. What is the remainder when u is divided by n?
0
Suppose -w - 7 = -x - 35, w - 58 = -5*x. What is the remainder when 162 is divided by w?
30
Let h = -21 + 100. Calculate the remainder when h is divided by 20.
19
Suppose r + 12 = o + 3*o, 3*o = -3*r + 24. Let l = 9 - r. Suppose 5*n - 49 = -s, -l*s - n - 3*n + 140 = 0. Calculate the remainder when s is divided by 13.
11
Calculate the remainder when 65 is divided by (-3 + 1 + 1)/(-1) + 17.
11
Let j = 77 - 62. What is the remainder when 44 is divided by j?
14
Suppose 0 = -4*p + 2*p + 98. Let l = -12 - -29. What is the remainder when p is divided by l?
15
Suppose 16 = -0*d + 4*d. Suppose 2*z - 54 = -0*z + 2*k, 2*k = d*z - 98. What is the remainder when z is divided by 6?
4
Let v(n) = -2*n + 16. Calculate the remainder when 26 is divided by v(4).
2
Suppose -3 + 7 = 2*r. What is the remainder when 5 is divided by -1 + 0 + r + 1?
1
Let l be (-2)/(-2)*7 + 0. Suppose l*i = 2*i + 60. What is the remainder when 44/6*(4 - 1) is divided by i?
10
Let k be (2/(-1) + -2)/(-1). Suppose 0 = -k*m - 3*h + h + 122, -m + 4*h = -53. Calculate the remainder when m is divided by 17.
16
Let q(f) = -f**3 + 7*f**2 + f + 4. What is the remainder when 30 is divided by q(7)?
8
Let k(h) = 2*h - 3. Let g = 11 + 2. Suppose 5*t = 2*c - g, 3*t + 9 = c + 2. What is the remainder when k(5) is divided by c?
3
What is the remainder when (-13 - 4)/((-2)/10) is divided by 22?
19
Let v = 4 - -5. Let l = 21 - v. Suppose 3*s - 4*s + l = 0. Calculate the remainder when 34 is divided by s.
10
Suppose -5*c - f + 95 = 0, 0 = 3*c - 2*c + 2*f - 19. What is the remainder when 73 is divided by c?
16
Suppose 0 = -4*a - 3*z + 12, -a = a + 4*z + 4. Calculate the remainder when 21 is divided by a.
3
Let b = 34 + -28. What is the remainder when 29 is divided by b?
5
Suppose -263 - 72 = -5*o. Calculate the remainder when o is divided by 35.
32
Suppose 11*p - 40 = 3*p. What is the remainder when p is divided by 2?
1
Let t = -6 - -12. Suppose -34 + t = -3*q + 2*d, d + 19 = 2*q. Suppose 77 = 5*u - 18. What is the remainder when u is divided by q?
9
What is the remainder when 52 is divided by 23 + 3 + 12/4?
23
Let t(z) = z**3 + z**2 + z + 14. Suppose 5*y - 7 = 3. Suppose d - 35 = -4*v, -4*d + 4 = -y*v + v. What is the remainder when t(0) is divided by v?
6
Suppose -5*n = -x - 524, 2*x = -4 - 4. Calculate the remainder when n is divided by 27.
23
Let v = -137 + 144. Suppose -3*p + 51 = -3*m, 8 - 40 = -p - 4*m. Calculate the remainder when p is divided by v.
6
Let g = 8 - 5. Suppose -3*q = g*o - 147, 2*q - 2*o + 0*o - 86 = 0. Calculate the remainder when q is divided by 16.
14
Suppose -g + 11 = 2*x, 2*g - 8 = -5*x + 18. Suppose g*w - 16 = 32. Suppose 2*h + 18 - 80 = 0. What is the remainder when h is divided by w?
15
Let p = 5 - -3. Suppose j = -4, 2*x = -2*j - p + 78. Calculate the remainder when x is divided by 14.
11
Calculate the remainder when 97 is divided by (-9)/12 - 206/(-8).
22
Let c = 6 - -38. Suppose -o + 5*o - 121 = -5*y, 4*y - 96 = -4*o. Let r = c - y. Calculate the remainder when 56 is divided by r.
18
Let p(f) = 2*f**2 + 19*f + 60. Calculate the remainder when p(-6) is divided by 4.
2
Let m be 2 - 0 - 36/6. Calculate the remainder when 2/5 + 356/10 is divided by 1 - 18*(m + 3).
17
Suppose 2*r - 4 = -0*r. Suppose 2*s + r*f + 8 = 0, 12 = -4*s - 3*f + f. What is the remainder when 140/3 + s/(-6) is divided by 16?
15
Let m = -5 - -14. Suppose 3*w = -0*h - 4*h + 29, m = 3*w. Suppose q = 3*n + 3, -2*q - 6*n + 2*n = -6. What is the remainder when h is divided by q?
2
What is the remainder when 2316/(-24)*2/(-1) is divided by 14?
11
Let j = 24 - 17. What is the remainder when 33 is divided by j?
5
Let i be (3/2)/((-12)/(-32)). Suppose -109 = -i*j + 179. Suppose 232 = 4*m + 5*h + 36, 2*m - 4*h = j. Calculate the remainder when m is divided by 23.
21
Suppose 2*t + 174 = 5*j, -99 = -2*j - j + 3*t. Calculate the remainder when j is divided by 10.
6
Suppose 4*w + 46 = 158. Let h = -14 - -24. What is the remainder when w is divided by h?
8
Suppose -5*f + 33 = 4*m, -4*f + 7 = -13. Suppose r = m*w + 9 + 14, r - 58 = -5*w. Calculate the remainder when r is divided by 12.
9
Let l(c) = 3*c - 3. Let p be (-12)/(-8)*(-4)/2. Let m be 21/6*(-1 - p). What is the remainder when 34 is divided by l(m)?
16
Let g = 11 + 69. What is the remainder when g is divided by 41?
39
Let a = -8 + 7. Let z = 1 - a. Suppose -o = -z*o + 3*f + 7, 4*o - 28 = 4*f. Calculate the remainder when o is divided by 4.
3
Let s(t) = 2*t + 3. Calculate the remainder when (-5)/((-5)/2) + 1 is divided by s(0).
0
Let c = -371 + 605. Suppose -5*m + k = -159, -4*k - c = -5*m - 63. Let z = m + -11. Calculate the remainder when z is divided by 7.
6
Let d(o) = o + 7. Let l be d(-4). Let u = l + 0. Let a = u + -1. Calculate the remainder when 3 is divided by a.
1
Let z(r) = -2*r**2 + 48*r + 4. Calculate the remainder when 28 is divided by z(24).
0
Let f = 55 - 33. Let p = -15 + f. Suppose 3*z - 40 = o + 3, -z + 5 = 2*o. Calculate the remainder when z is divided by p.
6
Suppose 3*b - 52 = -b. What is the remainder when 25 is divided by b?
12
Let c(h) = h + 7. Let q = -7 + 12. Let u = q + -8. What is the remainder when 7 is divided by c(u)?
3
Suppose 0 = -4*m + o + 3*o + 92, 3*m + 4*o - 104 = 0. What is the remainder when m is divided by 10?
8
Calculate the remainder when (0 + 1)/((-6)/(-18)) is divided by (-4)/(-2)*(-1)/(-1).
1
Let a = 22 + -5. What is the remainder when 65 is divided by a?
14
Suppose r + 2*o - 28 = 0, -r - 121 = -5*r + o. Suppose -4*a - 5*y - 3 = -29, 4*a + 3*y = r. Let w = 43 - 17. Calculate the remainder when w is divided by a.
8
Suppose -5*m + 2*m + 24 = 0. Suppose -60 = i - 5*i. Calculate the remainder when i is divided by m.
7
Let r = -31 + 63. Suppose 2*m = 32 + r. What is the remainder when m is divided by 17?
15
Suppose 4*w - 2*d = 44, -w = 3*w + 4*d - 68. Calculate the remainder when (2*-5)/((-4)/10) is divided by w.
12
Let t = 4 + 2. Suppose 0*q + b = -2*q + 20, -4*b - 64 = -4*q. Calculate the remainder when 6/(-9) + 200/q is divided by t.
4
Suppose 3*c - c = 46. Let b(h) be the first derivative of h**4/4 + 8*h**3/3 - 11*h**2/2 - 10*h - 1. What is the remainder when c is divided by b(-9)?
7
Let n = 20 - 8. Calculate the remainder when ((-148)/(-6))/(n/18) is divided by 20.
17
Suppose -2*p - p = 246. L